t x = 288 + -284. Let n(q) be the second derivative of -q**4/12 + 5*q**3/6 - 4*q**2 + q. Let f be n(x). Let c(k) = k + 3. Determine c(f).
-1
Suppose -t - 5 = 3*o, 6*t = t - o + 45. Let b(w) = w**3 - 11*w**2 + 10*w - 12. Determine b(t).
-12
Let m(t) = -1 + t**2 - 12*t - 4*t + 3*t + 0. What is m(11)?
-23
Let u(c) = -2*c**2 + 4*c + 226. Let g be u(0). Let a(i) = i**2 + 3*i. Let o be a(-4). Let j(q) = g*q + 0 - 228*q - 2 - q**2 + o. Give j(-3).
-1
Let w(d) = d + 10. Let r(i) = 2*i - 17. Let q(u) = -3*r(u) - 5*w(u). Let p be (-9)/7 + (-2)/(-7). Give q(p).
12
Suppose -32 = -h - v, -4*v - 44 - 20 = -2*h. Let i = 35 - h. Let p(w) = w**2 - 3*w + 1. What is p(i)?
1
Let j(c) = -4*c - 16. Suppose -2*t - 4 + 44 = -s, 5*t - 4*s - 100 = 0. Let z(h) = -h - 5. Let f(y) = t*z(y) - 6*j(y). Determine f(4).
12
Let p(m) = m - 1. Let n(h) = h - 3. Let b(c) = -c + 2. Let f(u) = 5*b(u) + 4*n(u). Let i be f(-5). Suppose -d = -4*d + i. Determine p(d).
0
Suppose 3*f = 6 - 0. Suppose -5*c = -f*c - 9. Let q(p) = -2*p**c - 4*p**2 - 4*p - 1 + 0*p**2 + 0*p**2 - 2. Calculate q(-2).
5
Let f(p) be the third derivative of 4*p**2 + 0 - 1/40*p**5 + 0*p - 1/2*p**3 - 1/6*p**4. Let x(g) be the first derivative of f(g). Give x(-3).
5
Let d be (-36)/(-60) + (-1)/(20/212). Let z(l) = -l**3 - 10*l**2 - 14. Give z(d).
-14
Let p(k) = -2*k - 131. Let j be p(0). Let r = -128 - j. Let f(v) = v**3 - 3*v**2 + 2*v + 1. Give f(r).
7
Let q(w) = 15 + 8*w + w**3 + 36 - 9*w**2 - 52. Calculate q(8).
-1
Let c(y) = -2*y. Let h be (-9820)/(-28) + (-2)/(-7). Let b(o) = 2*o - 337 + 0*o + h. Let t be b(-6). Calculate c(t).
-4
Let y(p) = -6*p**3 - 2*p**2 - 9*p + 8. Let i be (7/3)/((-5)/30). Let t = -8 - i. Let h(s) = 7*s**3 + s**2 + 10*s - 8. Let n(c) = t*y(c) + 5*h(c). What is n(-6)?
-4
Let i(c) be the first derivative of -c**2 - 7*c + 1. Suppose -4*l = 0, -t = l - 9 + 15. What is i(t)?
5
Let w(a) = 4*a**2 - 24 - 2*a**2 + 4*a**3 + 25 - 2*a - 8*a**3. Determine w(2).
-27
Let b(f) = -2*f - 21. Let p(j) = -3*j - 43. Let x(k) = 5*b(k) - 3*p(k). What is x(13)?
11
Let a be -2 - (0 - 10)/2. Let n = a - 5. Let w be (1/(-2))/(n/(-24)). Let y(r) = r + 4. What is y(w)?
-2
Let f(r) = r**3 - 9*r**2 + 8*r - 2. Suppose 3*q - 3 = 21. Let t be f(q). Let b(v) = 10 - 12 - 2*v + 5*v. Calculate b(t).
-8
Let y(w) = -22*w**3 - 7*w**2 - 8*w + 10. Let g(z) = 13*z**3 + 3*z**2 + 4*z - 5. Let f(r) = -5*g(r) - 3*y(r). Determine f(-5).
0
Let g(y) = y**3 - 11*y**2 + 9*y + 6. Let l = 198 + -188. Calculate g(l).
-4
Let t = 14 + -11. Let m(n) = 5*n**3 + t*n + 1 + n - 4*n - 2*n**2. Suppose 2*g = -0*g - 2. What is m(g)?
-6
Suppose 2*y - q = -7, 5*q = -3*y - 12 - 5. Let u(a) be the first derivative of -2 - 6*a - 7/2*a**2 + a**3 + 1/4*a**4. What is u(y)?
6
Suppose 0 = n - 2. Let y(i) = -6*i + 3*i**2 + 3 + 0*i - 2*i**n + 2. Let z be (-8)/(-20) + 56/10. Calculate y(z).
5
Suppose 5*b = 2*b + 6. Let a(g) = -20*g**3 - 11 + 9 + 19*g**3. What is a(b)?
-10
Let m(u) be the first derivative of -u**3/3 + u**2/2 - 7*u + 13. Determine m(-5).
-37
Let h(r) = -2*r**2 + 5*r - 3. Let n = 19 - 16. Let i be (2*(n - 25))/(-1). Let u be i/16 - (-1)/4. Determine h(u).
-6
Let x(z) be the third derivative of -z**4/24 + 5*z**3/3 + z**2. Suppose 4*o - 4*i - 28 = 0, 19 = 5*o - 3*i + 6*i. What is x(o)?
5
Let s(x) = 5*x**2 + 33*x + 59. Let n(z) = -z**2 - 8*z - 15. Let a(l) = -9*n(l) - 2*s(l). Calculate a(8).
1
Let x(l) = 2*l**2 + 11*l. Let s be x(-5). Let f(t) be the third derivative of t**4/24 + t**3 - 2*t**2. Give f(s).
1
Let m(z) be the first derivative of -z**2/2 + z - 30. What is m(-4)?
5
Let k(n) = 3*n**3 - n - 2. Suppose -t + 9*v - 13*v = -2, 5*t + 2*v = 10. What is k(t)?
20
Let i(r) = r - 4. Let g be 100/5 - (0 - 0/(-3)). Suppose -3*s + 20 = -d, 2*s - 2*d = -0*d + g. Determine i(s).
1
Let j(l) = -12*l + 10. Let r(d) = 4*d - 3. Let g = 4 + 1. Let m(z) = g*j(z) + 16*r(z). Let h be m(1). Let f(x) = -x**3 + 5*x**2 + 6*x + 5. Calculate f(h).
5
Let a = -37 - -40. Suppose 0 = -n - 3 + 4, -2*n + 5 = a*c. Let j(h) = -7*h + 1. Give j(c).
-6
Let l be (14/42)/((-1)/(-9)). Suppose l*q - 11 = -5. Let i(a) = -2 + 2 - q + a. Determine i(2).
0
Let l = 18 - 9. Let a(r) = 10*r + 10*r - 9 + 18*r - 54*r + 17*r. What is a(l)?
0
Let n(y) be the second derivative of -7/6*y**3 - 5/12*y**4 + 9/2*y**2 - 15*y + 1/20*y**5 + 0. Calculate n(6).
3
Let u(m) = -m + 3*m + m - 6 + m**2. Let n be u(-4). Let k(d) = 3*d**2 + 3*d + 2. Determine k(n).
8
Let f(v) be the first derivative of -1/3*v**3 + 3*v - 1/2*v**2 - 21. Determine f(-3).
-3
Let t(m) = m - 2. Suppose 0 = -0*g - g + 3. Let l(v) = 1 - g - 10 - v - 1. Let r be l(-10). Determine t(r).
-5
Suppose 4*m - 4 = 8. Let f(j) = 3 - 18*j**2 - m + 19*j**2 + 8*j**3. What is f(-1)?
-7
Let l(j) = 3*j**3 + 17*j**2 + 5*j - 3. Let y(k) = k**3 + 8*k**2 + 2*k - 1. Let w = 26 + -21. Let h(x) = w*y(x) - 2*l(x). Give h(6).
1
Let p = -567 - -568. Let i(u) = -58*u**3 - u**2 + 2*u - 1. Give i(p).
-58
Let x(k) = -54*k**3 - 51*k**3 - 2*k**2 - 1 + 5*k - 3*k + 123*k**3. Calculate x(1).
17
Let c(w) = 5*w + 1. Let k(x) = -16*x - 10. Let y(t) = -3*c(t) - k(t). Determine y(9).
16
Let f(p) = -p**2 - 5*p + 8. Let n(h) = 3*h - 4. Let w(a) = -2*f(a) - 5*n(a). Give w(2).
2
Suppose p - 3*p = -10. Let f(s) = -273 - s + 72 + 108 + 103. Give f(p).
5
Let f(n) be the first derivative of 1/2*n**2 + n**3 - 1 + 1/4*n**4 + 0*n. Give f(-2).
2
Let p(y) = 3*y**2 - 9*y + 17. Let w(g) = -13*g**2 + 37*g - 70. Let f(s) = 9*p(s) + 2*w(s). What is f(6)?
7
Let u = 8 - 13. Let o(j) = -2*j**2 - 6*j**2 + 10*j + 0*j**3 + 4*j**2 - j**3. Let k(m) = -2*m**3 - 8*m**2 + 21*m. Let r(y) = -4*k(y) + 9*o(y). What is r(u)?
-5
Let s(f) = 7*f**2 + 6*f. Let n(z) = -6*z**2 - 6*z + 1. Let w(h) = -6*n(h) - 5*s(h). Calculate w(-8).
10
Let q be 53/3 - (-10)/30. Suppose 0 = -h + 4*h - q. Let w(l) = 3 - 2 - l**2 + 5*l + 4. Give w(h).
-1
Suppose 3*j = -0*j. Let c = 3 + 1. Let v(i) = 3*i + 8 + i - 3*i - c. Determine v(j).
4
Let r be (-5)/((-10)/6) - -1. Let x be r + (3 - 6/2). Let o(p) = -4*p + 3*p - x*p + p. What is o(2)?
-8
Let c(y) be the second derivative of -y**4/12 - y**3/3 + 3*y**2/2 - 263*y. Determine c(3).
-12
Let a(v) be the second derivative of -1/12*v**4 + 1/6*v**3 - 1/10*v**5 + 0*v**2 + 0 + 2*v. What is a(1)?
-2
Let g(b) = -2*b - 1. Let s = 0 - -1. Let y = -132 + 132. Suppose o + s = -y. What is g(o)?
1
Let r(x) = 12*x + 38. Let v(d) = -4*d - 12. Let a(i) = 3*r(i) + 8*v(i). What is a(-4)?
2
Let r be (-1)/((-12)/9)*8. Suppose -r*h + 3*f = -4*h - 26, 2*f = -5*h + 27. Let i(a) = -a + 7. Determine i(h).
0
Let t(v) be the third derivative of v**5/60 - 13*v**4/24 + v**3/3 + 83*v**2. What is t(13)?
2
Let h(f) = -2795*f**3 - 2789*f**3 - f - 1 + 5583*f**3. Suppose q + 16 = d + 4*d, 2*q + 17 = 5*d. Calculate h(q).
1
Let u(h) be the first derivative of h**4/4 - 8*h**3/3 + 7*h**2/2 - 3*h + 2. Let w(m) = 7*m + 14. Let j be w(-1). Determine u(j).
-3
Let m(q) = -6 - q**2 + 2*q + 4 + 4. Suppose 5*p - 4*g + 6 = -8, 3*p - 5*g = -11. Determine m(p).
-6
Suppose 3*o = 2*j + 12, -4*o - 5*j + 15 + 1 = 0. Let c = 6 - o. Let q(l) = -6*l + 2 + 5*l - c. Determine q(5).
-5
Let u(z) = z. Let q(r) = r**2 + 25*r - 1. Let l be q(-25). Let f(n) = n + 1. Let k(o) = l*f(o) + 4*u(o). Calculate k(2).
5
Let l(f) be the second derivative of -f**8/6720 + f**7/840 + f**6/360 + 2*f**4/3 - 9*f. Let n(j) be the third derivative of l(j). Determine n(4).
-8
Let y = -4 - -3. Let i(h) = 59*h**2 + 11 + 3*h - 23*h**2 - 21*h**2 - 25*h**2. Let p(s) = 7*s**2 - 2*s - 7. Let k(l) = 5*i(l) + 8*p(l). Give k(y).
6
Let c(z) = -9*z**2 + z + 1. Let v = -32 + 31. What is c(v)?
-9
Let p(c) = 3*c**2 + c + 2. Let o(r) = -r + 4 - 4 - r**2 + 0 - 1. Let i(t) = -2*o(t) - p(t). Calculate i(2).
-2
Let h(q) = -20*q + 4. Let k(n) = 4*n - 1. Let y(o) = -3*h(o) - 14*k(o). Give y(-2).
-6
Let s(c) = -2*c + 3. Let x(d) = d. Let h(o) = 8*o - 2. Let m(n) = -h(n) + 5*x(n). Let b(j) = 4*m(j) - 3*s(j). Give b(1).
-7
Let x(v) = -3*v + 10. Let d(k) = -k**2 - 7*k - 6. Let y be d(-5). Determine x(y).
-2
Let y = 38 - 36. Suppose 5*m - 5 = -2*g, m + m + y*g + 4 = 0. Let v be m/1 + 2 + -10. Let p(u) = u**3 + 4*u**2 - 6*u. Determine p(v).
5
Let o(u) = 6*u**2 + 4*u + 1. Suppose 14*v + 21 = 17*v. Let p(g) = 5*g**2 + 4*g. Let z(t) = v*p(t) - 6*o(t). Calculate z(7).
-27
Let m(j) = j**3 + 6*j**2 + 7. Supp